ist the prime factors of (-12*3/(-4))/(3/62).
2, 3, 31
Let l = -7 + 11. Suppose 0 = -2*z + z + l. List the prime factors of z.
2
Let y be ((-1)/(-3)*0)/(-1). Suppose 3*z + 3 = y, -3*j = -z - 4 - 54. What are the prime factors of j?
19
Suppose 0 = -7*d + 1012 + 381. List the prime factors of d.
199
Let u be 164/(-8) - 6/4. Let w = u + 31. What are the prime factors of w?
3
Suppose -43 = -2*y - 4*f + 469, -5*y + 1253 = f. List the prime factors of y.
2, 5
Let j be 4/2 + (-35)/(11 + -6). Let s(r) be the first derivative of r**4/4 + 5*r**3/3 + 3*r + 1. List the prime factors of s(j).
3
Let b = -39 - -83. List the prime factors of b.
2, 11
Suppose 2*c + 4*d + 0 + 6 = 0, 4*c = -3*d + 8. Suppose 5*l - 5*u + 5 = -0*u, c*l - 4*u = 0. What are the prime factors of l?
2
Suppose -21*o + 7*o = -1806. List the prime factors of o.
3, 43
Let q(o) = o**3 - 13*o**2 + 9*o + 45. List the prime factors of q(12).
3
Suppose 0 = 4*d + w - 208, -5*d - 5*w + 0*w + 245 = 0. List the prime factors of d.
53
Suppose -4 = 4*v + 2*n, 0 = -v + 2*n - 4*n + 2. Let g be -2 + 5 + v + 2. What are the prime factors of 1 - (-2 + (-10 - g))?
2
Suppose -10*l = -3*l - 763. List the prime factors of l.
109
Let b = -16 - -35. What are the prime factors of b?
19
Let h = -55 + 21. Let a = h - -49. List the prime factors of a.
3, 5
Suppose 0 = 3*j - 5 + 8. Let k = j - -3. List the prime factors of k.
2
Let d(m) be the second derivative of -m**5/20 + m**4/6 + 2*m**3/3 + m**2/2 + m. Let w be d(4). Let n = -3 - w. What are the prime factors of n?
2, 3
Let a be (-26)/3 - 1/3. List the prime factors of -1*((0 - -1) + a).
2
Suppose g + 4 = -2*s, 0 = 5*s - 9*g + 4*g - 20. Let k(z) = -2*z + z + 9 - z**2 + 0*z**2. What are the prime factors of k(s)?
3
Suppose m + m - 26 = 0. Suppose -4*x - m = -45. What are the prime factors of x?
2
Let p(z) = -1 - 5 + 20*z - 10*z**2 - 8*z + z**3. What are the prime factors of p(9)?
3, 7
Let u = -1 - -17. What are the prime factors of u?
2
Suppose t + 2*t + 3 = 0. Let d be (46/4)/(t/2). Let f = d - -34. What are the prime factors of f?
11
Let z(x) be the first derivative of 2*x**2 - 4*x + 2. What are the prime factors of z(5)?
2
Let p = -18 - -25. Suppose -35 - 42 = -p*t. What are the prime factors of t?
11
Let u(d) = -3*d**2 + 1. Let b be u(-1). Let k be 232/(-28) - b/7. Let f(x) = -x**2 - 9*x. What are the prime factors of f(k)?
2
Let n(q) = -4*q - 5. Let j = 5 + -12. What are the prime factors of n(j)?
23
Suppose -2*w = -10*w + 168. List the prime factors of w.
3, 7
What are the prime factors of (-1 + 0)/((-7)/406)?
2, 29
Let b(f) = -f**2 - 10*f + 10. List the prime factors of b(-8).
2, 13
What are the prime factors of 1*(-3)/(-2)*14?
3, 7
Let u(n) = -2*n**3 + n**2 + 4. What are the prime factors of u(-3)?
67
Suppose 0 = -0*o + 2*o - 4. What are the prime factors of 4/(-2 - (-5)/o)?
2
Let k = -57 + 94. List the prime factors of k.
37
Let v be (-2 - 0) + -2 + -8. Let c = v + 28. What are the prime factors of c?
2
Let x(z) = 2*z - 5. Let b be (14 + 0)/(2 + 0). What are the prime factors of x(b)?
3
Suppose 3*s = 5*s + 2. Let t be (8*-1)/(s - 0). Let h = -3 + t. What are the prime factors of h?
5
Let s(u) = -u**2 - 6*u + 1. Let f be s(5). Let k be -1*(-1 + 5) + 81. Let n = f + k. List the prime factors of n.
23
Let q(x) = x - 12. Let c be q(0). Let z = c - -31. List the prime factors of z.
19
Let s = 51 - 30. What are the prime factors of s?
3, 7
Let d(w) = -w**3 - w**2 + 5*w - 4. List the prime factors of d(-4).
2, 3
Let d(n) = n + 7. List the prime factors of d(0).
7
Suppose 0 = 5*h + 82 - 327. Let o = h + -23. List the prime factors of o.
2, 13
Suppose 0 = 7*r - 3*r + 24. Let h be 26/r + (-4)/(-12). What are the prime factors of 125/15 - h/6?
3
Let b = -3 + 5. Suppose 0 = 3*z + b*z - 55. What are the prime factors of z?
11
Suppose -4*g - 2*j + 10 = 0, 5*g + 2*j - 15 = -0*j. Suppose -w - 46 = -2*b, 1 - g = w. What are the prime factors of b?
3, 7
Let q be 2 + -2*1 + 2. Suppose 4*s - 3*p = -1, 5*s + p = -q*p - 8. List the prime factors of 1 + 6 - (s + 1).
7
Suppose 2*p - 40 = 4*b, -p - 28 = -2*p + 4*b. What are the prime factors of p?
2, 3
Let a = -75 - -126. What are the prime factors of a?
3, 17
Let a be 5/(-10) + (-2)/4. Let p = a - 0. List the prime factors of (-1 - p) + 2 - -1.
3
Let r(p) = -p**3 - 4*p**2 + 6*p + 9. Let v be r(-5). Suppose 0 = k - 31 - v. What are the prime factors of k?
5, 7
Let l(a) = -a**2 + 6*a - 3. List the prime factors of l(4).
5
Let t(o) = -2*o - 6. What are the prime factors of t(-9)?
2, 3
Suppose -2 - 13 = -5*o. Suppose 10 = o*r - 2. Let c = r - -1. List the prime factors of c.
5
Let l be 12 + 1 - (6 - 8). Let j = -11 + l. List the prime factors of j.
2
Let d(q) = -q - 6. Let c be d(-7). Suppose -23 = 4*s - 3*s. What are the prime factors of (s + 1)*c/(-2)?
11
Let w(s) = s**3 - 10*s**2 - 14*s + 9. What are the prime factors of w(13)?
2, 167
Let k = 39 + 21. List the prime factors of k.
2, 3, 5
Let x(c) = 26*c**2 - c - 3. What are the prime factors of x(2)?
3, 11
Let t be (-9)/3*(-2)/3. Let r(j) = -3*j + 3. Let i be r(t). List the prime factors of ((-2)/i)/((-1)/(-6)).
2
Let r be (-746)/(-10) + (-2)/(-5). Suppose -2*n + r = n. Suppose -t = 4*t - n. List the prime factors of t.
5
Let v(f) = -21*f - 26. What are the prime factors of v(-6)?
2, 5
Suppose 3*o + 5*k - 150 = 0, 0 = -o + 6*o + 2*k - 269. List the prime factors of o.
5, 11
Let t(r) = r**2 + 5*r - 6. What are the prime factors of t(-7)?
2
Let a = 42 - 11. Suppose 4*q - a = 1. List the prime factors of (-2)/(-3)*108/q.
3
Let m(l) = 10*l**2 + 5*l + 4*l - 2*l**2 - l**3 + 12. What are the prime factors of m(9)?
2, 3
Let o be (15/(-10))/((-1)/(-2)). Let i = 5 + o. Suppose -i*y - 3*s = -35, -5*s + 2 = -3*s. List the prime factors of y.
2
Let u = 58 + -32. Let n = 42 - u. What are the prime factors of n?
2
Let w = 28 - 8. Suppose 4*n - 4*r - 5 = 3*n, -4*n = r - w. Suppose -n*s - 4*h - 1 = -25, -3*s + 10 = -2*h. What are the prime factors of s?
2
Suppose 2*y = 5 - 1. List the prime factors of (-6)/(-9)*75/y.
5
Let k(i) = -5*i - 5. Let g be (-10)/(-5) + (-12)/2. Let f be k(g). List the prime factors of (2/(-3))/((-2)/f).
5
Suppose -z + 3*z - 4 = 0. Let d = 1 + z. Suppose 51 = d*j - 2*s, -5*j + 4*s + 85 = -s. List the prime factors of j.
17
Suppose 216 = 4*l + 4*b, -2*l - 2*l - b + 201 = 0. What are the prime factors of l?
7
Suppose 3 = 2*f - 1. Suppose -5*m - 27 + 137 = 0. What are the prime factors of 1/(f - 42/m)?
11
Suppose 2*p + 24 = 2*r - 4*r, 3*p = -15. Let u = -4 - r. List the prime factors of u.
3
Let r = -52 + 190. What are the prime factors of r?
2, 3, 23
Suppose 1562 = 6*x + 428. What are the prime factors of x?
3, 7
Let i(a) = -2*a - 11. Suppose -22 = 2*n + u, -4*u = 5*n + 8 + 53. List the prime factors of i(n).
7
Let y be (-2 - -2) + -25 - 0. Let p = y - -37. Suppose p = 3*n + k, n - 3*k = -2*n. List the prime factors of n.
3
Suppose 4*v + 156 = 12. Let x = 26 + v. List the prime factors of -1*3/(3/x).
2, 5
Suppose w = -0*w + 60. Suppose 5*o - w = o. List the prime factors of o.
3, 5
Let x = -9 + 13. Suppose x*b + 60 = 6*b. What are the prime factors of b?
2, 3, 5
Suppose -2*d + 0*m = -4*m, -35 = -3*d - m. Let q = d + -2. List the prime factors of q.
2
Let j(l) = 24 - 2*l**3 - 4*l - 7*l**2 - l - 21. List the prime factors of j(-4).
3, 13
Suppose n = 2 + 3. Suppose -20 = -5*q - n*c, 5*c + 6 = -q - 2. What are the prime factors of q?
7
Suppose -2*u - 4*b - 9 = -63, -4 = 4*b. Suppose 85 = 2*k + u. List the prime factors of k.
2, 7
Let l be 7/(-14)*(-20)/2. Suppose 3*c - 42 = -4*h, 8 + 44 = l*h + 4*c. What are the prime factors of h?
2, 3
Suppose 3*j = 3 + 6. Suppose 29 - 4 = z - 4*l, -j*l + 43 = 4*z. What are the prime factors of z?
13
Suppose 0 = 3*h - 26 - 7. Suppose -4*w = -h - 25. List the prime factors of w.
3
Suppose 5*t = m - 13, -2*m - 1 = 5*t + 3. List the prime factors of t/11 - (-501)/33.
3, 5
Let w be (-33)/(-15) - (-1)/(-5). Suppose 0 = -5*x - i + 57, w = x - 3*i - 3. What are the prime factors of x?
11
Let i(v) = -v**3 + 7*v**2 - 3*v - 5. Let n(p) = p**3 - 7*p**2 + 2*p + 4. Let s(m) = 4*i(m) + 3*n(m). Let a be s(6). List the prime factors of ((-6)/a)/(2/32).
2, 3
Let l be ((-51)/9)/(2/6). Suppose n - 6*n = -165. Let g = n + l. List the prime factors of g.
2
L